CRAN Package Check Results for Package sanzo

Last updated on 2025-07-13 09:49:53 CEST.

Flavor Version Tinstall Tcheck Ttotal Status Flags
r-devel-linux-x86_64-debian-clang 0.1.0 2.44 25.81 28.25 OK
r-devel-linux-x86_64-debian-gcc 0.1.0 1.86 20.85 22.71 OK
r-devel-linux-x86_64-fedora-clang 0.1.0 42.08 OK
r-devel-linux-x86_64-fedora-gcc 0.1.0 56.39 OK
r-devel-windows-x86_64 0.1.0 3.00 47.00 50.00 OK
r-patched-linux-x86_64 0.1.0 2.45 23.42 25.87 OK
r-release-linux-x86_64 0.1.0 2.30 22.94 25.24 OK
r-release-macos-arm64 0.1.0 24.00 OK
r-release-macos-x86_64 0.1.0 42.00 OK
r-release-windows-x86_64 0.1.0 3.00 52.00 55.00 OK
r-oldrel-macos-arm64 0.1.0 21.00 NOTE
r-oldrel-macos-x86_64 0.1.0 33.00 NOTE
r-oldrel-windows-x86_64 0.1.0 3.00 50.00 53.00 NOTE

Check Details

Version: 0.1.0
Check: LazyData
Result: NOTE 'LazyData' is specified without a 'data' directory Flavors: r-oldrel-macos-arm64, r-oldrel-macos-x86_64, r-oldrel-windows-x86_64