CRAN Package Check Results for Package rcbalance

Last updated on 2025-07-13 09:49:49 CEST.

Flavor Version Tinstall Tcheck Ttotal Status Flags
r-devel-linux-x86_64-debian-clang 1.8.8 3.34 30.88 34.22 NOTE
r-devel-linux-x86_64-debian-gcc 1.8.8 1.96 23.80 25.76 NOTE
r-devel-linux-x86_64-fedora-clang 1.8.8 54.00 OK
r-devel-linux-x86_64-fedora-gcc 1.8.8 52.07 OK
r-devel-windows-x86_64 1.8.8 5.00 55.00 60.00 OK
r-patched-linux-x86_64 1.8.8 3.35 29.44 32.79 OK
r-release-linux-x86_64 1.8.8 2.86 29.30 32.16 OK
r-release-macos-arm64 1.8.8 23.00 OK
r-release-macos-x86_64 1.8.8 42.00 OK
r-release-windows-x86_64 1.8.8 5.00 56.00 61.00 OK
r-oldrel-macos-arm64 1.8.8 21.00 NOTE
r-oldrel-macos-x86_64 1.8.8 31.00 NOTE
r-oldrel-windows-x86_64 1.8.8 5.00 60.00 65.00 NOTE

Check Details

Version: 1.8.8
Check: CRAN incoming feasibility
Result: NOTE Maintainer: ‘Samuel D. Pimentel <spi@berkeley.edu>’ No Authors@R field in DESCRIPTION. Please add one, modifying Authors@R: person(given = c("Samuel", "D."), family = "Pimentel", role = c("aut", "cre"), email = "spi@berkeley.edu") as necessary. Flavors: r-devel-linux-x86_64-debian-clang, r-devel-linux-x86_64-debian-gcc

Version: 1.8.8
Check: package dependencies
Result: NOTE Package suggested but not available for checking: ‘rrelaxiv’ Flavors: r-oldrel-macos-arm64, r-oldrel-macos-x86_64, r-oldrel-windows-x86_64