Last updated on 2025-07-12 09:49:28 CEST.
Flavor | Version | Tinstall | Tcheck | Ttotal | Status | Flags |
---|---|---|---|---|---|---|
r-devel-linux-x86_64-debian-clang | 0.12.0 | 131.83 | 56.78 | 188.61 | OK | |
r-devel-linux-x86_64-debian-gcc | 0.12.0 | 107.88 | 39.15 | 147.03 | WARN | |
r-devel-linux-x86_64-fedora-clang | 0.12.0 | 359.31 | OK | |||
r-devel-linux-x86_64-fedora-gcc | 0.12.0 | 378.41 | OK | |||
r-devel-windows-x86_64 | 0.12.0 | 155.00 | 102.00 | 257.00 | OK | |
r-patched-linux-x86_64 | 0.12.0 | 157.59 | 52.88 | 210.47 | OK | |
r-release-linux-x86_64 | 0.12.0 | 148.39 | 53.43 | 201.82 | OK | |
r-release-macos-arm64 | 0.12.0 | 124.00 | OK | |||
r-release-macos-x86_64 | 0.12.0 | 147.00 | OK | |||
r-release-windows-x86_64 | 0.12.0 | 166.00 | 104.00 | 270.00 | OK | |
r-oldrel-macos-arm64 | 0.12.0 | 87.00 | NOTE | |||
r-oldrel-macos-x86_64 | 0.12.0 | 127.00 | NOTE | |||
r-oldrel-windows-x86_64 | 0.12.0 | 191.00 | 127.00 | 318.00 | NOTE |
Version: 0.12.0
Check: replacement functions
Result: WARN
‘print.:.ray_mesh’ ‘print.:.rayvertex_material’
‘print.:.rayvertex_material_list’ ‘print.:.ray_shape’
‘print.:.ray_mesh’ ‘print.:.rayvertex_material’
‘print.:.rayvertex_material_list’ ‘print.:.ray_shape’
The argument of a replacement function which corresponds to the right
hand side must be named ‘value’.
Flavor: r-devel-linux-x86_64-debian-gcc
Version: 0.12.0
Check: installed package size
Result: NOTE
installed size is 13.8Mb
sub-directories of 1Mb or more:
libs 13.0Mb
Flavors: r-oldrel-macos-arm64, r-oldrel-macos-x86_64, r-oldrel-windows-x86_64