CRAN Package Check Results for Package rakeR

Last updated on 2025-07-12 09:49:28 CEST.

Flavor Version Tinstall Tcheck Ttotal Status Flags
r-devel-linux-x86_64-debian-clang 0.2.1 1.74 29.07 30.81 NOTE
r-devel-linux-x86_64-debian-gcc 0.2.1 1.47 24.52 25.99 NOTE
r-devel-linux-x86_64-fedora-clang 0.2.1 44.86 OK
r-devel-linux-x86_64-fedora-gcc 0.2.1 45.98 OK
r-devel-windows-x86_64 0.2.1 3.00 49.00 52.00 OK
r-patched-linux-x86_64 0.2.1 2.01 26.82 28.83 OK
r-release-linux-x86_64 0.2.1 1.80 26.63 28.43 OK
r-release-macos-arm64 0.2.1 19.00 OK
r-release-macos-x86_64 0.2.1 31.00 OK
r-release-windows-x86_64 0.2.1 3.00 49.00 52.00 OK
r-oldrel-macos-arm64 0.2.1 18.00 NOTE
r-oldrel-macos-x86_64 0.2.1 26.00 NOTE
r-oldrel-windows-x86_64 0.2.1 3.00 54.00 57.00 NOTE

Check Details

Version: 0.2.1
Check: CRAN incoming feasibility
Result: NOTE Maintainer: ‘Phil Mike Jones <philmikejones@gmail.com>’ Found the following (possibly) invalid file URI: URI: CONDUCT.md From: README.md Flavors: r-devel-linux-x86_64-debian-clang, r-devel-linux-x86_64-debian-gcc

Version: 0.2.1
Check: LazyData
Result: NOTE 'LazyData' is specified without a 'data' directory Flavors: r-oldrel-macos-arm64, r-oldrel-macos-x86_64, r-oldrel-windows-x86_64