Last updated on 2025-07-12 09:49:27 CEST.
Flavor | Version | Tinstall | Tcheck | Ttotal | Status | Flags |
---|---|---|---|---|---|---|
r-devel-linux-x86_64-debian-clang | 0.1.0 | 4.90 | 43.39 | 48.29 | OK | |
r-devel-linux-x86_64-debian-gcc | 0.1.0 | 3.31 | 33.21 | 36.52 | WARN | |
r-devel-linux-x86_64-fedora-clang | 0.1.0 | 71.01 | OK | |||
r-devel-linux-x86_64-fedora-gcc | 0.1.0 | 65.95 | OK | |||
r-devel-windows-x86_64 | 0.1.0 | 6.00 | 95.00 | 101.00 | OK | |
r-patched-linux-x86_64 | 0.1.0 | 4.81 | 37.70 | 42.51 | OK | |
r-release-linux-x86_64 | 0.1.0 | 4.70 | 38.09 | 42.79 | OK | |
r-release-macos-arm64 | 0.1.0 | 37.00 | OK | |||
r-release-macos-x86_64 | 0.1.0 | 66.00 | OK | |||
r-release-windows-x86_64 | 0.1.0 | 6.00 | 85.00 | 91.00 | OK | |
r-oldrel-macos-arm64 | 0.1.0 | 36.00 | OK | |||
r-oldrel-macos-x86_64 | 0.1.0 | 64.00 | OK | |||
r-oldrel-windows-x86_64 | 0.1.0 | 5.00 | 95.00 | 100.00 | OK |
Version: 0.1.0
Check: replacement functions
Result: WARN
‘format.:.quickr::Variable’ ‘as.character.:.quickr::Variable’
‘print.:.quickr::Fortran’ ‘print.:.quickr::FortranSubroutine’
The argument of a replacement function which corresponds to the right
hand side must be named ‘value’.
Flavor: r-devel-linux-x86_64-debian-gcc