Last updated on 2025-07-09 09:50:44 CEST.
Flavor | Version | Tinstall | Tcheck | Ttotal | Status | Flags |
---|---|---|---|---|---|---|
r-devel-linux-x86_64-debian-clang | 2.8.0 | 37.18 | 316.92 | 354.10 | NOTE | |
r-devel-linux-x86_64-debian-gcc | 2.8.0 | 24.33 | 194.02 | 218.35 | NOTE | |
r-devel-linux-x86_64-fedora-clang | 2.9.0 | 589.21 | OK | |||
r-devel-linux-x86_64-fedora-gcc | 2.9.0 | 591.45 | OK | |||
r-devel-windows-x86_64 | 2.8.0 | 41.00 | 294.00 | 335.00 | OK | |
r-patched-linux-x86_64 | 2.8.0 | 38.01 | 301.24 | 339.25 | OK | |
r-release-linux-x86_64 | 2.8.0 | 37.50 | 300.03 | 337.53 | OK | |
r-release-macos-arm64 | 2.8.0 | 136.00 | OK | |||
r-release-macos-x86_64 | 2.9.0 | 336.00 | OK | |||
r-release-windows-x86_64 | 2.9.0 | 39.00 | 291.00 | 330.00 | OK | |
r-oldrel-macos-arm64 | 2.8.0 | 130.00 | NOTE | |||
r-oldrel-macos-x86_64 | 2.9.0 | 324.00 | NOTE | |||
r-oldrel-windows-x86_64 | 2.9.0 | 40.00 | 304.00 | 344.00 | NOTE |
Version: 2.8.0
Check: CRAN incoming feasibility
Result: NOTE
Maintainer: ‘Frank Weber <fweber144@protonmail.com>’
The Description field contains
<arXiv:2301.01660>), and for many other regression models (using the
<arXiv:2109.04702>, which can also be applied to most of the former
Please refer to arXiv e-prints via their arXiv DOI <doi:10.48550/arXiv.YYMM.NNNNN>.
Flavors: r-devel-linux-x86_64-debian-clang, r-devel-linux-x86_64-debian-gcc
Version: 2.8.0
Check: package dependencies
Result: NOTE
Package suggested but not available for checking: ‘cmdstanr’
Flavor: r-oldrel-macos-arm64
Version: 2.9.0
Check: package dependencies
Result: NOTE
Package suggested but not available for checking: ‘cmdstanr’
Flavor: r-oldrel-macos-x86_64
Version: 2.9.0
Check: installed package size
Result: NOTE
installed size is 5.1Mb
sub-directories of 1Mb or more:
doc 1.4Mb
libs 2.7Mb
Flavor: r-oldrel-macos-x86_64
Version: 2.9.0
Check: package dependencies
Result: NOTE
Packages suggested but not available for checking: 'unix', 'cmdstanr'
Flavor: r-oldrel-windows-x86_64