CRAN Package Check Results for Package picohdr

Last updated on 2025-10-19 09:49:37 CEST.

Flavor Version Tinstall Tcheck Ttotal Status Flags
r-devel-linux-x86_64-debian-clang 0.1.1 3.88 54.85 58.73 NOTE
r-devel-linux-x86_64-debian-gcc 0.1.1 2.76 43.02 45.78 NOTE
r-devel-linux-x86_64-fedora-clang 0.1.1 85.86 NOTE
r-devel-linux-x86_64-fedora-gcc 0.1.1 101.25 NOTE
r-devel-windows-x86_64 0.1.1 7.00 82.00 89.00 NOTE
r-patched-linux-x86_64 0.1.1 3.95 52.96 56.91 NOTE
r-release-linux-x86_64 0.1.1 3.26 52.88 56.14 NOTE
r-release-macos-arm64 0.1.1 40.00 NOTE
r-release-macos-x86_64 0.1.1 83.00 NOTE
r-release-windows-x86_64 0.1.1 7.00 81.00 88.00 NOTE
r-oldrel-macos-arm64 0.1.1 42.00 OK
r-oldrel-macos-x86_64 0.1.1 98.00 OK
r-oldrel-windows-x86_64 0.1.1 7.00 92.00 99.00 OK

Check Details

Version: 0.1.1
Check: DESCRIPTION meta-information
Result: NOTE Missing dependency on R >= 4.1.0 because package code uses the pipe |> or function shorthand \(...) syntax added in R 4.1.0. File(s) using such syntax: ‘exr-read.R’ ‘exr-types-read.R’ ‘exr-write.R’ ‘utils.R’ Flavors: r-devel-linux-x86_64-debian-clang, r-devel-linux-x86_64-debian-gcc, r-devel-linux-x86_64-fedora-clang, r-devel-linux-x86_64-fedora-gcc, r-devel-windows-x86_64, r-patched-linux-x86_64, r-release-linux-x86_64, r-release-macos-arm64, r-release-macos-x86_64, r-release-windows-x86_64