Last updated on 2025-07-12 09:49:26 CEST.
Flavor | Version | Tinstall | Tcheck | Ttotal | Status | Flags |
---|---|---|---|---|---|---|
r-devel-linux-x86_64-debian-clang | 3.5.0 | 13.69 | 30.69 | 44.38 | OK | |
r-devel-linux-x86_64-debian-gcc | 3.5.0 | 12.24 | 25.31 | 37.55 | OK | |
r-devel-linux-x86_64-fedora-clang | 3.5.0 | 78.94 | OK | |||
r-devel-linux-x86_64-fedora-gcc | 3.5.0 | 70.15 | OK | |||
r-devel-windows-x86_64 | 3.5.0 | 37.00 | 117.00 | 154.00 | OK | |
r-patched-linux-x86_64 | 3.5.0 | 16.93 | 29.08 | 46.01 | OK | |
r-release-linux-x86_64 | 3.5.0 | 16.31 | 29.11 | 45.42 | OK | |
r-release-macos-arm64 | 3.5.0 | 121.00 | OK | |||
r-release-macos-x86_64 | 3.5.0 | 63.00 | OK | |||
r-release-windows-x86_64 | 3.5.0 | 34.00 | 124.00 | 158.00 | OK | |
r-oldrel-macos-arm64 | 3.5.0 | 36.00 | NOTE | |||
r-oldrel-macos-x86_64 | 3.5.0 | 47.00 | NOTE | |||
r-oldrel-windows-x86_64 | 3.5.0 | 41.00 | 140.00 | 181.00 | NOTE |
Version: 3.5.0
Check: installed package size
Result: NOTE
installed size is 20.9Mb
sub-directories of 1Mb or more:
libs 8.0Mb
share 12.8Mb
Flavors: r-oldrel-macos-arm64, r-oldrel-macos-x86_64, r-oldrel-windows-x86_64