Last updated on 2025-10-19 09:49:36 CEST.
Flavor | Version | Tinstall | Tcheck | Ttotal | Status | Flags |
---|---|---|---|---|---|---|
r-devel-linux-x86_64-debian-clang | 0.1.7 | 2.99 | 25.69 | 28.68 | NOTE | |
r-devel-linux-x86_64-debian-gcc | 0.1.7 | 2.52 | 20.82 | 23.34 | NOTE | |
r-devel-linux-x86_64-fedora-clang | 0.1.7 | 42.81 | OK | |||
r-devel-linux-x86_64-fedora-gcc | 0.1.7 | 41.42 | OK | |||
r-devel-windows-x86_64 | 0.1.7 | 5.00 | 45.00 | 50.00 | OK | |
r-patched-linux-x86_64 | 0.1.7 | 3.33 | 24.55 | 27.88 | OK | |
r-release-linux-x86_64 | 0.1.7 | 3.24 | 24.77 | 28.01 | OK | |
r-release-macos-arm64 | 0.1.7 | 20.00 | OK | |||
r-release-macos-x86_64 | 0.1.7 | 30.00 | OK | |||
r-release-windows-x86_64 | 0.1.7 | 3.00 | 144.00 | 147.00 | OK | |
r-oldrel-macos-arm64 | 0.1.7 | 21.00 | OK | |||
r-oldrel-macos-x86_64 | 0.1.7 | 27.00 | OK | |||
r-oldrel-windows-x86_64 | 0.1.7 | 8.00 | 53.00 | 61.00 | OK |
Version: 0.1.7
Check: CRAN incoming feasibility
Result: NOTE
Maintainer: ‘Andrew Redd <andrew.redd@hsc.utah.edu>’
No Authors@R field in DESCRIPTION.
Please add one, modifying
Authors@R: person(given = "Andrew",
family = "Redd",
role = c("aut", "cre"),
email = "andrew.redd@hsc.utah.edu")
as necessary.
Flavors: r-devel-linux-x86_64-debian-clang, r-devel-linux-x86_64-debian-gcc