Last updated on 2025-07-12 09:49:23 CEST.
Flavor | Version | Tinstall | Tcheck | Ttotal | Status | Flags |
---|---|---|---|---|---|---|
r-devel-linux-x86_64-debian-clang | 1.0.2 | 39.96 | 25.74 | 65.70 | OK | |
r-devel-linux-x86_64-debian-gcc | 1.0.2 | 34.44 | 24.40 | 58.84 | OK | |
r-devel-linux-x86_64-fedora-clang | 1.0.2 | 109.69 | OK | |||
r-devel-linux-x86_64-fedora-gcc | 1.0.2 | 124.08 | OK | |||
r-devel-windows-x86_64 | 1.0.2 | 42.00 | 70.00 | 112.00 | OK | |
r-patched-linux-x86_64 | 1.0.2 | 47.61 | 29.23 | 76.84 | OK | |
r-release-linux-x86_64 | 1.0.2 | 41.95 | 29.14 | 71.09 | OK | |
r-release-macos-arm64 | 1.0.2 | 40.00 | OK | |||
r-release-macos-x86_64 | 1.0.2 | 70.00 | OK | |||
r-release-windows-x86_64 | 1.0.2 | 41.00 | 73.00 | 114.00 | OK | |
r-oldrel-macos-arm64 | 1.0.2 | 41.00 | NOTE | |||
r-oldrel-macos-x86_64 | 1.0.2 | 69.00 | NOTE | |||
r-oldrel-windows-x86_64 | 1.0.2 | 50.00 | 76.00 | 126.00 | OK |
Version: 1.0.2
Check: installed package size
Result: NOTE
installed size is 22.5Mb
sub-directories of 1Mb or more:
libs 22.4Mb
Flavors: r-oldrel-macos-arm64, r-oldrel-macos-x86_64