CRAN Package Check Results for Package mappp

Last updated on 2025-10-19 09:49:32 CEST.

Flavor Version Tinstall Tcheck Ttotal Status Flags
r-devel-linux-x86_64-debian-clang 1.0.0 1.44 20.34 21.78 OK
r-devel-linux-x86_64-debian-gcc 1.0.0 1.40 16.87 18.27 OK
r-devel-linux-x86_64-fedora-clang 1.0.0 33.04 NOTE
r-devel-linux-x86_64-fedora-gcc 1.0.0 30.86 NOTE
r-devel-windows-x86_64 1.0.0 3.00 43.00 46.00 OK
r-patched-linux-x86_64 1.0.0 1.61 19.23 20.84 OK
r-release-linux-x86_64 1.0.0 1.65 19.16 20.81 OK
r-release-macos-arm64 1.0.0 20.00 OK
r-release-macos-x86_64 1.0.0 32.00 OK
r-release-windows-x86_64 1.0.0 4.00 46.00 50.00 OK
r-oldrel-macos-arm64 1.0.0 21.00 OK
r-oldrel-macos-x86_64 1.0.0 25.00 OK
r-oldrel-windows-x86_64 1.0.0 4.00 49.00 53.00 OK

Additional issues

donttest

Check Details

Version: 1.0.0
Check: dependencies in R code
Result: NOTE Namespace in Imports field not imported from: ‘pbmcapply’ All declared Imports should be used. Flavors: r-devel-linux-x86_64-fedora-clang, r-devel-linux-x86_64-fedora-gcc