Last updated on 2025-07-12 09:49:22 CEST.
Flavor | Version | Tinstall | Tcheck | Ttotal | Status | Flags |
---|---|---|---|---|---|---|
r-devel-linux-x86_64-debian-clang | 1.1.1 | 2.65 | 60.81 | 63.46 | NOTE | |
r-devel-linux-x86_64-debian-gcc | 1.1.1 | 2.09 | 44.52 | 46.61 | NOTE | |
r-devel-linux-x86_64-fedora-clang | 1.1.1 | 91.13 | NOTE | |||
r-devel-linux-x86_64-fedora-gcc | 1.1.1 | 102.80 | NOTE | |||
r-devel-windows-x86_64 | 1.1.1 | 4.00 | 87.00 | 91.00 | NOTE | |
r-patched-linux-x86_64 | 1.1.1 | 3.05 | 55.68 | 58.73 | NOTE | |
r-release-linux-x86_64 | 1.1.1 | 2.59 | 56.68 | 59.27 | NOTE | |
r-release-macos-arm64 | 1.1.1 | 55.00 | NOTE | |||
r-release-macos-x86_64 | 1.1.1 | 84.00 | NOTE | |||
r-release-windows-x86_64 | 1.1.1 | 3.00 | 93.00 | 96.00 | NOTE | |
r-oldrel-macos-arm64 | 1.1.1 | 33.00 | NOTE | |||
r-oldrel-macos-x86_64 | 1.1.1 | 66.00 | NOTE | |||
r-oldrel-windows-x86_64 | 1.1.1 | 4.00 | 104.00 | 108.00 | NOTE |
Version: 1.1.1
Check: package subdirectories
Result: NOTE
Problems with news in ‘NEWS.md’:
Cannot extract version info from the following section titles:
Author
Maintainer
Flavors: r-devel-linux-x86_64-debian-clang, r-devel-linux-x86_64-debian-gcc, r-devel-linux-x86_64-fedora-clang, r-devel-linux-x86_64-fedora-gcc, r-devel-windows-x86_64, r-patched-linux-x86_64, r-release-linux-x86_64, r-release-macos-arm64, r-release-macos-x86_64, r-release-windows-x86_64, r-oldrel-macos-arm64, r-oldrel-macos-x86_64, r-oldrel-windows-x86_64