CRAN Package Check Results for Package liqueueR

Last updated on 2025-07-13 09:49:44 CEST.

Flavor Version Tinstall Tcheck Ttotal Status Flags
r-devel-linux-x86_64-debian-clang 0.0.1 2.32 22.59 24.91 OK
r-devel-linux-x86_64-debian-gcc 0.0.1 1.74 18.78 20.52 OK
r-devel-linux-x86_64-fedora-clang 0.0.1 37.94 OK
r-devel-linux-x86_64-fedora-gcc 0.0.1 36.47 OK
r-devel-windows-x86_64 0.0.1 4.00 48.00 52.00 OK
r-patched-linux-x86_64 0.0.1 1.97 21.29 23.26 OK
r-release-linux-x86_64 0.0.1 1.99 20.97 22.96 OK
r-release-macos-arm64 0.0.1 17.00 OK
r-release-macos-x86_64 0.0.1 31.00 OK
r-release-windows-x86_64 0.0.1 4.00 52.00 56.00 OK
r-oldrel-macos-arm64 0.0.1 21.00 NOTE
r-oldrel-macos-x86_64 0.0.1 34.00 NOTE
r-oldrel-windows-x86_64 0.0.1 3.00 49.00 52.00 NOTE

Check Details

Version: 0.0.1
Check: LazyData
Result: NOTE 'LazyData' is specified without a 'data' directory Flavors: r-oldrel-macos-arm64, r-oldrel-macos-x86_64, r-oldrel-windows-x86_64