Last updated on 2025-07-12 09:49:21 CEST.
Flavor | Version | Tinstall | Tcheck | Ttotal | Status | Flags |
---|---|---|---|---|---|---|
r-devel-linux-x86_64-debian-clang | 1.3.1 | 147.46 | 67.96 | 215.42 | OK | |
r-devel-linux-x86_64-debian-gcc | 1.3.1 | 106.67 | 47.86 | 154.53 | WARN | |
r-devel-linux-x86_64-fedora-clang | 1.3.1 | 435.98 | OK | |||
r-devel-linux-x86_64-fedora-gcc | 1.3.1 | 340.33 | OK | |||
r-devel-windows-x86_64 | 1.3.0 | 162.00 | 106.00 | 268.00 | OK | |
r-patched-linux-x86_64 | 1.3.1 | 147.31 | 61.46 | 208.77 | OK | |
r-release-linux-x86_64 | 1.3.0 | 138.26 | 60.36 | 198.62 | OK | |
r-release-macos-arm64 | 1.3.0 | 92.00 | OK | |||
r-release-macos-x86_64 | 1.3.1 | 108.00 | OK | |||
r-release-windows-x86_64 | 1.3.1 | 162.00 | 108.00 | 270.00 | OK | |
r-oldrel-macos-arm64 | 1.3.0 | 80.00 | NOTE | |||
r-oldrel-macos-x86_64 | 1.3.1 | 112.00 | NOTE | |||
r-oldrel-windows-x86_64 | 1.3.1 | 198.00 | 125.00 | 323.00 | OK |
Version: 1.3.1
Check: replacement functions
Result: WARN
‘plot.:.iAR::unidata’ ‘plot.:.iAR::multidata’
‘summary.:.iAR::unidata’
The argument of a replacement function which corresponds to the right
hand side must be named ‘value’.
Flavor: r-devel-linux-x86_64-debian-gcc
Version: 1.3.0
Check: installed package size
Result: NOTE
installed size is 7.4Mb
sub-directories of 1Mb or more:
libs 7.0Mb
Flavor: r-oldrel-macos-arm64
Version: 1.3.1
Check: installed package size
Result: NOTE
installed size is 7.6Mb
sub-directories of 1Mb or more:
libs 7.2Mb
Flavor: r-oldrel-macos-x86_64