Last updated on 2025-07-13 09:49:42 CEST.
Flavor | Version | Tinstall | Tcheck | Ttotal | Status | Flags |
---|---|---|---|---|---|---|
r-devel-linux-x86_64-debian-clang | 1.1.0 | 12.43 | 80.45 | 92.88 | OK | |
r-devel-linux-x86_64-debian-gcc | 1.1.0 | 8.10 | 59.31 | 67.41 | OK | |
r-devel-linux-x86_64-fedora-clang | 1.1.0 | 142.33 | NOTE | |||
r-devel-linux-x86_64-fedora-gcc | 1.1.0 | 152.37 | NOTE | |||
r-devel-windows-x86_64 | 1.1.0 | 14.00 | 91.00 | 105.00 | OK | |
r-patched-linux-x86_64 | 1.1.0 | 9.96 | 71.32 | 81.28 | OK | |
r-release-linux-x86_64 | 1.1.0 | 11.23 | 73.01 | 84.24 | OK | |
r-release-macos-arm64 | 1.1.0 | 87.00 | OK | |||
r-release-macos-x86_64 | 1.1.0 | 91.00 | OK | |||
r-release-windows-x86_64 | 1.1.0 | 14.00 | 93.00 | 107.00 | OK | |
r-oldrel-macos-arm64 | 1.1.0 | 35.00 | OK | |||
r-oldrel-macos-x86_64 | 1.1.0 | 89.00 | OK | |||
r-oldrel-windows-x86_64 | 1.1.0 | 18.00 | 109.00 | 127.00 | OK |
Version: 1.1.0
Check: dependencies in R code
Result: NOTE
Namespaces in Imports field not imported from:
‘RandomWalker’ ‘TidyDensity’ ‘healthyR’ ‘healthyR.ai’ ‘healthyR.data’
‘healthyR.ts’ ‘tidyAML’
All declared Imports should be used.
Flavors: r-devel-linux-x86_64-fedora-clang, r-devel-linux-x86_64-fedora-gcc