Last updated on 2025-07-12 09:49:20 CEST.
Flavor | Version | Tinstall | Tcheck | Ttotal | Status | Flags |
---|---|---|---|---|---|---|
r-devel-linux-x86_64-debian-clang | 0.1.3 | 25.57 | 220.75 | 246.32 | OK | |
r-devel-linux-x86_64-debian-gcc | 0.1.3 | 15.04 | 134.04 | 149.08 | OK | |
r-devel-linux-x86_64-fedora-clang | 0.1.3 | 381.20 | NOTE | |||
r-devel-linux-x86_64-fedora-gcc | 0.1.3 | 366.76 | NOTE | |||
r-devel-windows-x86_64 | 0.1.3 | 22.00 | 174.00 | 196.00 | OK | |
r-patched-linux-x86_64 | 0.1.3 | 21.20 | 204.22 | 225.42 | OK | |
r-release-linux-x86_64 | 0.1.3 | 22.70 | 203.89 | 226.59 | OK | |
r-release-macos-arm64 | 0.1.3 | 84.00 | OK | |||
r-release-macos-x86_64 | 0.1.3 | 189.00 | OK | |||
r-release-windows-x86_64 | 0.1.3 | 22.00 | 163.00 | 185.00 | OK | |
r-oldrel-macos-arm64 | 0.1.3 | 89.00 | OK | |||
r-oldrel-macos-x86_64 | 0.1.3 | 182.00 | OK | |||
r-oldrel-windows-x86_64 | 0.1.3 | 31.00 | 218.00 | 249.00 | OK |
Version: 0.1.3
Check: dependencies in R code
Result: NOTE
Namespace in Imports field not imported from: ‘lwgeom’
All declared Imports should be used.
Flavors: r-devel-linux-x86_64-fedora-clang, r-devel-linux-x86_64-fedora-gcc