CRAN Package Check Results for Package glamlasso

Last updated on 2025-07-13 09:49:42 CEST.

Flavor Version Tinstall Tcheck Ttotal Status Flags
r-devel-linux-x86_64-debian-clang 3.0.1 86.72 29.68 116.40 NOTE
r-devel-linux-x86_64-debian-gcc 3.0.1 201.63 22.98 224.61 NOTE
r-devel-linux-x86_64-fedora-clang 3.0.1 161.31 NOTE
r-devel-linux-x86_64-fedora-gcc 3.0.1 232.21 NOTE
r-devel-windows-x86_64 3.0.1 245.00 71.00 316.00 NOTE
r-patched-linux-x86_64 3.0.1 230.98 28.68 259.66 NOTE
r-release-linux-x86_64 3.0.1 227.47 28.25 255.72 NOTE
r-release-macos-arm64 3.0.1 56.00 NOTE
r-release-macos-x86_64 3.0.1 132.00 NOTE
r-release-windows-x86_64 3.0.1 236.00 78.00 314.00 NOTE
r-oldrel-macos-arm64 3.0.1 52.00 NOTE
r-oldrel-macos-x86_64 3.0.1 104.00 NOTE
r-oldrel-windows-x86_64 3.0.1 413.00 84.00 497.00 NOTE

Check Details

Version: 3.0.1
Check: CRAN incoming feasibility
Result: NOTE Maintainer: ‘Adam Lund <adam.lund@math.ku.dk>’ No Authors@R field in DESCRIPTION. Please add one, modifying Authors@R: person(given = "Adam", family = "Lund", role = c("aut", "cre"), email = "adam.lund@math.ku.dk") as necessary. Flavors: r-devel-linux-x86_64-debian-clang, r-devel-linux-x86_64-debian-gcc

Version: 3.0.1
Check: C++ specification
Result: NOTE Specified C++11: please drop specification unless essential Flavors: r-devel-linux-x86_64-debian-clang, r-devel-linux-x86_64-debian-gcc, r-devel-linux-x86_64-fedora-clang, r-devel-linux-x86_64-fedora-gcc, r-devel-windows-x86_64, r-patched-linux-x86_64, r-release-linux-x86_64, r-release-macos-arm64, r-release-macos-x86_64, r-release-windows-x86_64, r-oldrel-macos-arm64, r-oldrel-macos-x86_64, r-oldrel-windows-x86_64

Version: 3.0.1
Check: installed package size
Result: NOTE installed size is 9.9Mb sub-directories of 1Mb or more: libs 9.8Mb Flavors: r-oldrel-macos-arm64, r-oldrel-macos-x86_64