CRAN Package Check Results for Package ggmulti

Last updated on 2025-07-12 09:49:19 CEST.

Flavor Version Tinstall Tcheck Ttotal Status Flags
r-devel-linux-x86_64-debian-clang 1.0.7 9.57 135.92 145.49 NOTE
r-devel-linux-x86_64-debian-gcc 1.0.7 6.14 92.81 98.95 NOTE
r-devel-linux-x86_64-fedora-clang 1.0.7 213.78 OK
r-devel-linux-x86_64-fedora-gcc 1.0.7 217.28 OK
r-devel-windows-x86_64 1.0.7 10.00 141.00 151.00 NOTE
r-patched-linux-x86_64 1.0.7 11.15 127.80 138.95 NOTE
r-release-linux-x86_64 1.0.7 9.13 128.61 137.74 NOTE
r-release-macos-arm64 1.0.7 71.00 OK
r-release-macos-x86_64 1.0.7 128.00 OK
r-release-windows-x86_64 1.0.7 13.00 139.00 152.00 NOTE
r-oldrel-macos-arm64 1.0.7 66.00 OK
r-oldrel-macos-x86_64 1.0.7 105.00 OK
r-oldrel-windows-x86_64 1.0.7 16.00 178.00 194.00 OK

Check Details

Version: 1.0.7
Check: Rd cross-references
Result: NOTE Found the following Rd file(s) with Rd \link{} targets missing package anchors: geom_density_.Rd: geom_density geom_hist_.Rd: geom_histogram position_dodge_.Rd: position_dodge position_stack_.Rd: position_stack Please provide package anchors for all Rd \link{} targets not in the package itself and the base packages. Flavors: r-devel-linux-x86_64-debian-clang, r-devel-linux-x86_64-debian-gcc, r-devel-windows-x86_64, r-patched-linux-x86_64, r-release-linux-x86_64, r-release-windows-x86_64