CRAN Package Check Results for Package coefficientalpha

Last updated on 2025-07-12 09:49:14 CEST.

Flavor Version Tinstall Tcheck Ttotal Status Flags
r-devel-linux-x86_64-debian-clang 0.7.2 3.32 36.55 39.87 NOTE
r-devel-linux-x86_64-debian-gcc 0.7.2 2.33 28.35 30.68 NOTE
r-devel-linux-x86_64-fedora-clang 0.7.2 61.58 OK
r-devel-linux-x86_64-fedora-gcc 0.7.2 58.92 OK
r-devel-windows-x86_64 0.7.2 4.00 56.00 60.00 OK
r-patched-linux-x86_64 0.7.2 3.04 34.90 37.94 OK
r-release-linux-x86_64 0.7.2 2.80 35.11 37.91 OK
r-release-macos-arm64 0.7.2 26.00 OK
r-release-macos-x86_64 0.7.2 51.00 OK
r-release-windows-x86_64 0.7.2 5.00 57.00 62.00 OK
r-oldrel-macos-arm64 0.7.2 22.00 OK
r-oldrel-macos-x86_64 0.7.2 34.00 OK
r-oldrel-windows-x86_64 0.7.2 4.00 68.00 72.00 OK

Check Details

Version: 0.7.2
Check: CRAN incoming feasibility
Result: NOTE Maintainer: ‘Zhiyong Zhang <johnnyzhz@gmail.com>’ No Authors@R field in DESCRIPTION. Please add one, modifying Authors@R: c(person(given = "Zhiyong", family = "Zhang", role = c("aut", "cre"), email = "johnnyzhz@gmail.com"), person(given = "Ke-Hai", family = "Yuan", role = "aut")) as necessary. Flavors: r-devel-linux-x86_64-debian-clang, r-devel-linux-x86_64-debian-gcc