Last updated on 2025-07-12 09:49:14 CEST.
Flavor | Version | Tinstall | Tcheck | Ttotal | Status | Flags |
---|---|---|---|---|---|---|
r-devel-linux-x86_64-debian-clang | 1.0.1 | 15.74 | 130.73 | 146.47 | NOTE | |
r-devel-linux-x86_64-debian-gcc | 1.0.1 | 11.70 | 92.08 | 103.78 | NOTE | |
r-devel-linux-x86_64-fedora-clang | 1.0.1 | 226.58 | OK | |||
r-devel-linux-x86_64-fedora-gcc | 1.0.1 | 216.65 | OK | |||
r-devel-windows-x86_64 | 1.0.1 | 17.00 | 120.00 | 137.00 | OK | |
r-patched-linux-x86_64 | 1.0.1 | 14.63 | 118.00 | 132.63 | OK | |
r-release-linux-x86_64 | 1.0.1 | 13.34 | 115.92 | 129.26 | OK | |
r-release-macos-arm64 | 1.0.1 | 65.00 | OK | |||
r-release-macos-x86_64 | 1.0.1 | 114.00 | OK | |||
r-release-windows-x86_64 | 1.0.1 | 17.00 | 116.00 | 133.00 | OK | |
r-oldrel-macos-arm64 | 1.0.1 | 65.00 | OK | |||
r-oldrel-macos-x86_64 | 1.0.1 | 98.00 | OK | |||
r-oldrel-windows-x86_64 | 1.0.1 | 22.00 | 152.00 | 174.00 | OK |
Version: 1.0.1
Check: CRAN incoming feasibility
Result: NOTE
Maintainer: ‘Norm Matloff <normmatloff@gmail.com>’
No Authors@R field in DESCRIPTION.
Please add one, modifying
Authors@R: c(person(given = "Norm",
family = "Matloff",
role = c("aut", "cre"),
email = "normmatloff@gmail.com"),
person(given = "Vincent",
family = "Yang",
role = "aut",
email = "vinyang@ucdavis.edu"),
person(given = "Harrison",
family = "Nguyen",
role = "aut",
email = "hhnguy@ucdavis.edu"))
as necessary.
Flavors: r-devel-linux-x86_64-debian-clang, r-devel-linux-x86_64-debian-gcc