Last updated on 2025-07-12 09:49:12 CEST.
Flavor | Version | Tinstall | Tcheck | Ttotal | Status | Flags |
---|---|---|---|---|---|---|
r-devel-linux-x86_64-debian-clang | 2.3.8 | 9.16 | 83.13 | 92.29 | NOTE | |
r-devel-linux-x86_64-debian-gcc | 2.3.8 | 6.12 | 59.18 | 65.30 | WARN | |
r-devel-linux-x86_64-fedora-clang | 2.3.8 | 141.72 | OK | |||
r-devel-linux-x86_64-fedora-gcc | 2.3.8 | 133.23 | OK | |||
r-devel-windows-x86_64 | 2.3.8 | 10.00 | 115.00 | 125.00 | OK | |
r-patched-linux-x86_64 | 2.3.8 | 12.96 | 76.99 | 89.95 | NOTE | |
r-release-linux-x86_64 | 2.3.8 | 9.05 | 77.81 | 86.86 | NOTE | |
r-release-macos-arm64 | 2.3.8 | 42.00 | OK | |||
r-release-macos-x86_64 | 2.3.8 | 83.00 | OK | |||
r-release-windows-x86_64 | 2.3.8 | 10.00 | 117.00 | 127.00 | OK | |
r-oldrel-macos-arm64 | 2.3.8 | 40.00 | OK | |||
r-oldrel-macos-x86_64 | 2.3.8 | 99.00 | OK | |||
r-oldrel-windows-x86_64 | 2.3.8 | 14.00 | 132.00 | 146.00 | OK |
Version: 2.3.8
Check: for unstated dependencies in ‘demo’
Result: NOTE
'library' or 'require' call not declared from: ‘gridExtra’
Flavors: r-devel-linux-x86_64-debian-clang, r-devel-linux-x86_64-debian-gcc, r-patched-linux-x86_64, r-release-linux-x86_64
Version: 2.3.8
Check: replacement functions
Result: WARN
‘extractData.:.default’ ‘extractData.:.ggplot’ ‘extractData.:.glmnet’
‘extractData.:.htest’ ‘extractData.:.lda’ ‘extractData.:.lm’
‘extractData.:.partition’ ‘extractData.:.qda’ ‘extractData.:.survfit’
‘extractData.:.trellis’ ‘extractData.:.twins’
‘extractMiniature.:.data.frame’ ‘extractMiniature.:.default’
‘extractMiniature.:.ggplot’ ‘extractMiniature.:.glmnet’
‘extractMiniature.:.htest’ ‘extractMiniature.:.lda’
‘extractMiniature.:.lm’ ‘extractMiniature.:.partition’
‘extractMiniature.:.qda’ ‘extractMiniature.:.recordedplot’
‘extractMiniature.:.survfit’ ‘extractMiniature.:.trellis’
‘extractMiniature.:.twins’ ‘extractTags.:.data.frame’
‘extractTags.:.default’ ‘extractTags.:.ggplot’ ‘extractTags.:.glmnet’
‘extractTags.:.htest’ ‘extractTags.:.lda’ ‘extractTags.:.lm’
‘extractTags.:.partition’ ‘extractTags.:.qda’
‘extractTags.:.summary.lm’ ‘extractTags.:.survfit’
‘extractTags.:.trellis’ ‘extractTags.:.twins’ ‘extractData.:.default’
‘extractData.:.ggplot’ ‘extractData.:.glmnet’ ‘extractData.:.htest’
‘extractData.:.lda’ ‘extractData.:.lm’ ‘extractData.:.partition’
‘extractData.:.qda’ ‘extractData.:.survfit’ ‘extractData.:.trellis’
‘extractData.:.twins’ ‘extractMiniature.:.data.frame’
‘extractMiniature.:.default’ ‘extractMiniature.:.ggplot’
‘extractMiniature.:.glmnet’ ‘extractMiniature.:.htest’
‘extractMiniature.:.lda’ ‘extractMiniature.:.lm’
‘extractMiniature.:.partition’ ‘extractMiniature.:.qda’
‘extractMiniature.:.recordedplot’ ‘extractMiniature.:.survfit’
‘extractMiniature.:.trellis’ ‘extractMiniature.:.twins’
‘extractTags.:.data.frame’ ‘extractTags.:.default’
‘extractTags.:.ggplot’ ‘extractTags.:.glmnet’ ‘extractTags.:.htest’
‘extractTags.:.lda’ ‘extractTags.:.lm’ ‘extractTags.:.partition’
‘extractTags.:.qda’ ‘extractTags.:.summary.lm’
‘extractTags.:.survfit’ ‘extractTags.:.trellis’ ‘extractTags.:.twins’
The argument of a replacement function which corresponds to the right
hand side must be named ‘value’.
Flavor: r-devel-linux-x86_64-debian-gcc