CRAN Package Check Results for Package aphid

Last updated on 2025-07-12 09:49:12 CEST.

Flavor Version Tinstall Tcheck Ttotal Status Flags
r-devel-linux-x86_64-debian-clang 1.3.5 49.60 90.99 140.59 NOTE
r-devel-linux-x86_64-debian-gcc 1.3.5 27.10 64.55 91.65 NOTE
r-devel-linux-x86_64-fedora-clang 1.3.5 223.80 NOTE
r-devel-linux-x86_64-fedora-gcc 1.3.5 221.36 NOTE
r-devel-windows-x86_64 1.3.5 41.00 114.00 155.00 NOTE
r-patched-linux-x86_64 1.3.5 40.74 85.75 126.49 NOTE
r-release-linux-x86_64 1.3.5 39.16 85.52 124.68 NOTE
r-release-macos-arm64 1.3.5 76.00 NOTE
r-release-macos-x86_64 1.3.5 135.00 NOTE
r-release-windows-x86_64 1.3.5 42.00 119.00 161.00 NOTE
r-oldrel-macos-arm64 1.3.5 57.00 NOTE
r-oldrel-macos-x86_64 1.3.5 73.00 NOTE
r-oldrel-windows-x86_64 1.3.5 50.00 149.00 199.00 NOTE

Check Details

Version: 1.3.5
Check: CRAN incoming feasibility
Result: NOTE Maintainer: ‘Shaun Wilkinson <shaunpwilkinson@gmail.com>’ Package CITATION file contains call(s) to old-style personList() or as.personList(). Please use c() on person objects instead. Package CITATION file contains call(s) to old-style citEntry(). Please use bibentry() instead. Flavors: r-devel-linux-x86_64-debian-clang, r-devel-linux-x86_64-debian-gcc

Version: 1.3.5
Check: C++ specification
Result: NOTE Specified C++11: please drop specification unless essential Flavors: r-devel-linux-x86_64-debian-clang, r-devel-linux-x86_64-debian-gcc, r-devel-linux-x86_64-fedora-clang, r-devel-linux-x86_64-fedora-gcc, r-devel-windows-x86_64, r-patched-linux-x86_64, r-release-linux-x86_64, r-release-macos-arm64, r-release-macos-x86_64, r-release-windows-x86_64, r-oldrel-macos-arm64, r-oldrel-macos-x86_64, r-oldrel-windows-x86_64