CRAN Package Check Results for Package WGScan

Last updated on 2025-07-12 09:49:36 CEST.

Flavor Version Tinstall Tcheck Ttotal Status Flags
r-devel-linux-x86_64-debian-clang 0.1 8.13 70.10 78.23 NOTE
r-devel-linux-x86_64-debian-gcc 0.1 6.52 54.21 60.73 NOTE
r-devel-linux-x86_64-fedora-clang 0.1 125.78 OK
r-devel-linux-x86_64-fedora-gcc 0.1 113.26 OK
r-devel-windows-x86_64 0.1 10.00 87.00 97.00 OK
r-patched-linux-x86_64 0.1 7.91 67.45 75.36 OK
r-release-linux-x86_64 0.1 7.80 69.11 76.91 OK
r-release-macos-arm64 0.1 58.00 OK
r-release-macos-x86_64 0.1 103.00 OK
r-release-windows-x86_64 0.1 12.00 86.00 98.00 OK
r-oldrel-macos-arm64 0.1 54.00 OK
r-oldrel-macos-x86_64 0.1 77.00 OK
r-oldrel-windows-x86_64 0.1 13.00 106.00 119.00 OK

Check Details

Version: 0.1
Check: CRAN incoming feasibility
Result: NOTE Maintainer: ‘Zihuai He <zihuai@stanford.edu>’ No Authors@R field in DESCRIPTION. Please add one, modifying Authors@R: person(given = "Zihuai", family = "He", role = c("aut", "cre"), email = "zihuai@stanford.edu") as necessary. Flavors: r-devel-linux-x86_64-debian-clang, r-devel-linux-x86_64-debian-gcc