CRAN Package Check Results for Package VFS

Last updated on 2025-07-12 09:49:35 CEST.

Flavor Version Tinstall Tcheck Ttotal Status Flags
r-devel-linux-x86_64-debian-clang 1.0.2 2.79 38.23 41.02 NOTE
r-devel-linux-x86_64-debian-gcc 1.0.2 2.22 30.17 32.39 NOTE
r-devel-linux-x86_64-fedora-clang 1.0.2 65.29 OK
r-devel-linux-x86_64-fedora-gcc 1.0.2 75.31 OK
r-devel-windows-x86_64 1.0.2 5.00 67.00 72.00 OK
r-patched-linux-x86_64 1.0.2 3.33 34.90 38.23 OK
r-release-linux-x86_64 1.0.2 2.98 35.64 38.62 OK
r-release-macos-arm64 1.0.2 37.00 OK
r-release-macos-x86_64 1.0.2 64.00 OK
r-release-windows-x86_64 1.0.2 4.00 68.00 72.00 OK
r-oldrel-macos-arm64 1.0.2 29.00 OK
r-oldrel-macos-x86_64 1.0.2 56.00 OK
r-oldrel-windows-x86_64 1.0.2 5.00 81.00 86.00 OK

Check Details

Version: 1.0.2
Check: CRAN incoming feasibility
Result: NOTE Maintainer: ‘Sarah Goslee <Sarah.Goslee@ars.usda.gov>’ Package CITATION file contains call(s) to old-style personList() or as.personList(). Please use c() on person objects instead. Package CITATION file contains call(s) to old-style citEntry(). Please use bibentry() instead. Flavors: r-devel-linux-x86_64-debian-clang, r-devel-linux-x86_64-debian-gcc