CRAN Package Check Results for Package TSEntropies

Last updated on 2025-07-12 09:49:35 CEST.

Flavor Version Tinstall Tcheck Ttotal Status Flags
r-devel-linux-x86_64-debian-clang 0.9 3.45 24.68 28.13 OK
r-devel-linux-x86_64-debian-gcc 0.9 2.59 19.18 21.77 OK
r-devel-linux-x86_64-fedora-clang 0.9 42.61 OK
r-devel-linux-x86_64-fedora-gcc 0.9 39.35 OK
r-devel-windows-x86_64 0.9 7.00 126.00 133.00 OK
r-patched-linux-x86_64 0.9 3.21 22.35 25.56 OK
r-release-linux-x86_64 0.9 2.95 22.05 25.00 OK
r-release-macos-arm64 0.9 22.00 OK
r-release-macos-x86_64 0.9 42.00 OK
r-release-windows-x86_64 0.9 7.00 49.00 56.00 OK
r-oldrel-macos-arm64 0.9 20.00 NOTE
r-oldrel-macos-x86_64 0.9 32.00 NOTE
r-oldrel-windows-x86_64 0.9 7.00 130.00 137.00 NOTE

Check Details

Version: 0.9
Check: LazyData
Result: NOTE 'LazyData' is specified without a 'data' directory Flavors: r-oldrel-macos-arm64, r-oldrel-macos-x86_64, r-oldrel-windows-x86_64