Last updated on 2025-07-11 09:50:20 CEST.
Flavor | Version | Tinstall | Tcheck | Ttotal | Status | Flags |
---|---|---|---|---|---|---|
r-devel-linux-x86_64-debian-clang | 2.2-4 | 8.33 | 87.52 | 95.85 | NOTE | |
r-devel-linux-x86_64-debian-gcc | 2.2-4 | 7.82 | 62.23 | 70.05 | NOTE | |
r-devel-linux-x86_64-fedora-clang | 2.2-4 | 148.16 | OK | |||
r-devel-linux-x86_64-fedora-gcc | 2.2-4 | 144.49 | OK | |||
r-devel-windows-x86_64 | 2.2-4 | 11.00 | 98.00 | 109.00 | OK | |
r-patched-linux-x86_64 | 2.2-4 | 9.87 | 82.95 | 92.82 | OK | |
r-release-linux-x86_64 | 2.2-4 | 9.27 | 82.09 | 91.36 | OK | |
r-release-macos-arm64 | 2.2-4 | 46.00 | OK | |||
r-release-macos-x86_64 | 2.2-4 | 129.00 | OK | |||
r-release-windows-x86_64 | 2.2-4 | 12.00 | 103.00 | 115.00 | OK | |
r-oldrel-macos-arm64 | 2.2-4 | 40.00 | OK | |||
r-oldrel-macos-x86_64 | 2.2-4 | 71.00 | OK | |||
r-oldrel-windows-x86_64 | 2.2-4 | 16.00 | 121.00 | 137.00 | OK |
Version: 2.2-4
Check: CRAN incoming feasibility
Result: NOTE
Maintainer: ‘Altieri Linda <linda.altieri@unibo.it>’
No Authors@R field in DESCRIPTION.
Please add one, modifying
Authors@R: c(person(given = "L.",
family = "Altieri",
role = "aut"),
person(given = "D.",
family = "Cocchi",
role = "aut"),
person(given = "G.",
family = "Roli",
role = "aut"),
person(given = "Altieri",
family = "Linda",
role = "cre",
email = "linda.altieri@unibo.it"))
as necessary.
Flavors: r-devel-linux-x86_64-debian-clang, r-devel-linux-x86_64-debian-gcc