Last updated on 2025-07-12 09:49:29 CEST.
Flavor | Version | Tinstall | Tcheck | Ttotal | Status | Flags |
---|---|---|---|---|---|---|
r-devel-linux-x86_64-debian-clang | 0.3.10 | 54.10 | 122.29 | 176.39 | OK | |
r-devel-linux-x86_64-debian-gcc | 0.3.10 | 40.51 | 84.51 | 125.02 | OK | |
r-devel-linux-x86_64-fedora-clang | 0.3.10 | 281.53 | OK | |||
r-devel-linux-x86_64-fedora-gcc | 0.3.10 | 274.77 | OK | |||
r-devel-windows-x86_64 | 0.3.10 | 55.00 | 130.00 | 185.00 | OK | |
r-patched-linux-x86_64 | 0.3.10 | 51.61 | 113.22 | 164.83 | OK | |
r-release-linux-x86_64 | 0.3.10 | 52.81 | 114.02 | 166.83 | OK | |
r-release-macos-arm64 | 0.3.10 | 70.00 | OK | |||
r-release-macos-x86_64 | 0.3.10 | 165.00 | OK | |||
r-release-windows-x86_64 | 0.3.10 | 57.00 | 141.00 | 198.00 | OK | |
r-oldrel-macos-arm64 | 0.3.10 | 62.00 | NOTE | |||
r-oldrel-macos-x86_64 | 0.3.10 | 113.00 | NOTE | |||
r-oldrel-windows-x86_64 | 0.3.10 | 72.00 | 173.00 | 245.00 | OK |
Version: 0.3.10
Check: installed package size
Result: NOTE
installed size is 5.5Mb
sub-directories of 1Mb or more:
libs 5.3Mb
Flavors: r-oldrel-macos-arm64, r-oldrel-macos-x86_64