Last updated on 2025-07-05 09:49:33 CEST.
Flavor | Version | Tinstall | Tcheck | Ttotal | Status | Flags |
---|---|---|---|---|---|---|
r-devel-linux-x86_64-debian-clang | 1.1.3 | 30.95 | 179.69 | 210.64 | NOTE | |
r-devel-linux-x86_64-debian-gcc | 1.1.3 | 19.98 | 136.03 | 156.01 | NOTE | |
r-devel-linux-x86_64-fedora-clang | 1.1.3 | 341.60 | OK | |||
r-devel-linux-x86_64-fedora-gcc | 1.1.3 | 318.53 | OK | |||
r-devel-windows-x86_64 | 1.1.3 | 41.00 | 298.00 | 339.00 | NOTE | |
r-patched-linux-x86_64 | 1.1.3 | 34.08 | 182.66 | 216.74 | NOTE | |
r-release-linux-x86_64 | 1.1.3 | 33.32 | 182.35 | 215.67 | NOTE | |
r-release-macos-arm64 | 1.1.3 | 137.00 | OK | |||
r-release-macos-x86_64 | 1.1.3 | 191.00 | OK | |||
r-release-windows-x86_64 | 1.1.3 | 32.00 | 189.00 | 221.00 | NOTE | |
r-oldrel-macos-arm64 | 1.1.3 | 130.00 | OK | |||
r-oldrel-macos-x86_64 | 1.1.3 | 151.00 | OK | |||
r-oldrel-windows-x86_64 | 1.1.3 | 37.00 | 216.00 | 253.00 | OK |
Version: 1.1.3
Check: Rd cross-references
Result: NOTE
Found the following Rd file(s) with Rd \link{} targets missing package
anchors:
GUI_RandomANOVA.Rd: lmer
RcmdrPlugin.TeachStat-package.Rd: Rcmdr
Utilities.Rd: distr, DiscreteDistribution, AbscontDistribution
aovreml.Rd: lmer
aovremm.Rd: lmer
characRV.Rd: E, skewness, kurtosis
priceIndexNum.Rd: priceIndex
Please provide package anchors for all Rd \link{} targets not in the
package itself and the base packages.
Flavors: r-devel-linux-x86_64-debian-clang, r-devel-linux-x86_64-debian-gcc, r-devel-windows-x86_64, r-patched-linux-x86_64, r-release-linux-x86_64, r-release-windows-x86_64