Last updated on 2025-07-12 09:49:28 CEST.
Flavor | Version | Tinstall | Tcheck | Ttotal | Status | Flags |
---|---|---|---|---|---|---|
r-devel-linux-x86_64-debian-clang | 0.1.4 | 5.70 | 48.76 | 54.46 | OK | |
r-devel-linux-x86_64-debian-gcc | 0.1.4 | 3.60 | 36.29 | 39.89 | OK | |
r-devel-linux-x86_64-fedora-clang | 0.1.4 | 82.80 | OK | |||
r-devel-linux-x86_64-fedora-gcc | 0.1.4 | 91.43 | OK | |||
r-devel-windows-x86_64 | 0.1.4 | 7.00 | 62.00 | 69.00 | OK | |
r-patched-linux-x86_64 | 0.1.4 | 4.84 | 44.50 | 49.34 | OK | |
r-release-linux-x86_64 | 0.1.4 | 4.88 | 43.14 | 48.02 | OK | |
r-release-macos-arm64 | 0.1.4 | 36.00 | OK | |||
r-release-macos-x86_64 | 0.1.4 | 69.00 | OK | |||
r-release-windows-x86_64 | 0.1.4 | 7.00 | 64.00 | 71.00 | OK | |
r-oldrel-macos-arm64 | 0.1.4 | 37.00 | NOTE | |||
r-oldrel-macos-x86_64 | 0.1.4 | 66.00 | NOTE | |||
r-oldrel-windows-x86_64 | 0.1.4 | 10.00 | 74.00 | 84.00 | NOTE |
Version: 0.1.4
Check: LazyData
Result: NOTE
'LazyData' is specified without a 'data' directory
Flavors: r-oldrel-macos-arm64, r-oldrel-macos-x86_64, r-oldrel-windows-x86_64