Last updated on 2025-10-19 09:49:37 CEST.
Flavor | Version | Tinstall | Tcheck | Ttotal | Status | Flags |
---|---|---|---|---|---|---|
r-devel-linux-x86_64-debian-clang | 1.0 | 7.48 | 80.01 | 87.49 | NOTE | |
r-devel-linux-x86_64-debian-gcc | 1.0 | 6.47 | 58.50 | 64.97 | NOTE | |
r-devel-linux-x86_64-fedora-clang | 1.0 | 132.48 | OK | |||
r-devel-linux-x86_64-fedora-gcc | 1.0 | 124.67 | OK | |||
r-devel-windows-x86_64 | 1.0 | 10.00 | 91.00 | 101.00 | OK | |
r-patched-linux-x86_64 | 1.0 | 7.97 | 75.13 | 83.10 | OK | |
r-release-linux-x86_64 | 1.0 | 7.95 | 74.31 | 82.26 | OK | |
r-release-macos-arm64 | 1.0 | 40.00 | OK | |||
r-release-macos-x86_64 | 1.0 | 75.00 | OK | |||
r-release-windows-x86_64 | 1.0 | 9.00 | 91.00 | 100.00 | OK | |
r-oldrel-macos-arm64 | 1.0 | 41.00 | OK | |||
r-oldrel-macos-x86_64 | 1.0 | 56.00 | OK | |||
r-oldrel-windows-x86_64 | 1.0 | 13.00 | 116.00 | 129.00 | OK |
Version: 1.0
Check: CRAN incoming feasibility
Result: NOTE
Maintainer: ‘Przemyslaw Biecek <przemyslaw.biecek@gmail.com>’
No Authors@R field in DESCRIPTION.
Please add one, modifying
Authors@R: person(given = "Przemyslaw",
family = "Biecek",
role = c("aut", "cre"),
email = "przemyslaw.biecek@gmail.com")
as necessary.
Flavors: r-devel-linux-x86_64-debian-clang, r-devel-linux-x86_64-debian-gcc