Last updated on 2025-10-19 09:49:36 CEST.
Flavor | Version | Tinstall | Tcheck | Ttotal | Status | Flags |
---|---|---|---|---|---|---|
r-devel-linux-x86_64-debian-clang | 0.6.3 | 11.09 | 237.93 | 249.02 | NOTE | |
r-devel-linux-x86_64-debian-gcc | 0.6.3 | 7.29 | 162.06 | 169.35 | NOTE | |
r-devel-linux-x86_64-fedora-clang | 0.6.3 | 394.06 | OK | |||
r-devel-linux-x86_64-fedora-gcc | 0.6.3 | 390.57 | OK | |||
r-devel-windows-x86_64 | 0.6.3 | 15.00 | 224.00 | 239.00 | OK | |
r-patched-linux-x86_64 | 0.6.3 | 9.60 | 229.65 | 239.25 | OK | |
r-release-linux-x86_64 | 0.6.3 | 8.61 | 225.37 | 233.98 | OK | |
r-release-macos-arm64 | 0.6.3 | 153.00 | OK | |||
r-release-macos-x86_64 | 0.6.3 | 208.00 | OK | |||
r-release-windows-x86_64 | 0.6.3 | 15.00 | 217.00 | 232.00 | OK | |
r-oldrel-macos-arm64 | 0.6.3 | 107.00 | OK | |||
r-oldrel-macos-x86_64 | 0.6.3 | 158.00 | OK | |||
r-oldrel-windows-x86_64 | 0.6.3 | 20.00 | 297.00 | 317.00 | OK |
Version: 0.6.3
Check: CRAN incoming feasibility
Result: NOTE
Maintainer: ‘Antony Unwin <unwin@math.uni-augsburg.de>’
No Authors@R field in DESCRIPTION.
Please add one, modifying
Authors@R: person(given = "Antony",
family = "Unwin",
role = c("aut", "cre"),
email = "unwin@math.uni-augsburg.de")
as necessary.
Flavors: r-devel-linux-x86_64-debian-clang, r-devel-linux-x86_64-debian-gcc