CRAN Package Check Results for Package MvBinary

Last updated on 2025-07-12 09:49:24 CEST.

Flavor Version Tinstall Tcheck Ttotal Status Flags
r-devel-linux-x86_64-debian-clang 1.1 8.46 67.03 75.49 NOTE
r-devel-linux-x86_64-debian-gcc 1.1 6.13 49.68 55.81 NOTE
r-devel-linux-x86_64-fedora-clang 1.1 113.80 OK
r-devel-linux-x86_64-fedora-gcc 1.1 108.12 OK
r-devel-windows-x86_64 1.1 9.00 75.00 84.00 OK
r-patched-linux-x86_64 1.1 8.24 63.86 72.10 OK
r-release-linux-x86_64 1.1 7.10 63.31 70.41 OK
r-release-macos-arm64 1.1 35.00 OK
r-release-macos-x86_64 1.1 67.00 OK
r-release-windows-x86_64 1.1 8.00 78.00 86.00 OK
r-oldrel-macos-arm64 1.1 33.00 OK
r-oldrel-macos-x86_64 1.1 49.00 OK
r-oldrel-windows-x86_64 1.1 11.00 89.00 100.00 OK

Check Details

Version: 1.1
Check: CRAN incoming feasibility
Result: NOTE Maintainer: ‘Mohammed Sedki <mohammed.sedki@u-psud.fr>’ No Authors@R field in DESCRIPTION. Please add one, modifying Authors@R: c(person(given = "Matthieu", family = "Marbac", role = "aut"), person(given = "Mohammed", family = "Sedki", role = c("aut", "cre"), email = "mohammed.sedki@u-psud.fr")) as necessary. Flavors: r-devel-linux-x86_64-debian-clang, r-devel-linux-x86_64-debian-gcc