Last updated on 2025-07-12 09:49:23 CEST.
Flavor | Version | Tinstall | Tcheck | Ttotal | Status | Flags |
---|---|---|---|---|---|---|
r-devel-linux-x86_64-debian-clang | 1.3 | 18.72 | 94.41 | 113.13 | OK | |
r-devel-linux-x86_64-debian-gcc | 1.3 | 14.69 | 64.99 | 79.68 | OK | |
r-devel-linux-x86_64-fedora-clang | 1.3 | 189.78 | NOTE | |||
r-devel-linux-x86_64-fedora-gcc | 1.3 | 178.26 | NOTE | |||
r-devel-windows-x86_64 | 1.3 | 23.00 | 118.00 | 141.00 | OK | |
r-patched-linux-x86_64 | 1.3 | 20.10 | 87.67 | 107.77 | OK | |
r-release-linux-x86_64 | 1.3 | 18.37 | 86.29 | 104.66 | OK | |
r-release-macos-arm64 | 1.2.2 | 61.00 | OK | |||
r-release-macos-x86_64 | 1.3 | 102.00 | OK | |||
r-release-windows-x86_64 | 1.3 | 22.00 | 120.00 | 142.00 | OK | |
r-oldrel-macos-arm64 | 1.2.2 | 51.00 | OK | |||
r-oldrel-macos-x86_64 | 1.3 | 98.00 | OK | |||
r-oldrel-windows-x86_64 | 1.3 | 29.00 | 150.00 | 179.00 | OK |
Version: 1.3
Check: dependencies in R code
Result: NOTE
Namespaces in Imports field not imported from:
‘MASS’ ‘Rdpack’ ‘copula’ ‘missMethods’
All declared Imports should be used.
Flavors: r-devel-linux-x86_64-fedora-clang, r-devel-linux-x86_64-fedora-gcc